s g a composite number?
True
Suppose 0 = -5*v + 2*b + 226415, 33*v - 181134 = 29*v + 2*b. Is v composite?
False
Let a be (-15)/35 + 5/((-70)/(-76)). Suppose -a*y + 4*c + 10 = -21, 3*c + 12 = 0. Suppose y*m - 1154 = 1333. Is m a composite number?
False
Let s = 24388 + 222513. Is s a composite number?
True
Let y = 153625 + -96326. Is y composite?
True
Is 282324 - 16/(-32)*34 prime?
False
Let n = -1556 + 3127. Is n composite?
False
Let u = 3283 - 5946. Let m = -1594 - u. Suppose -4*v - 333 = -4*b - m, -3*v + b = -558. Is v composite?
True
Let t(w) = -w**2 - 13*w - 12. Let d be t(-12). Is (d - (-2)/3)*(2484 - 21) a prime number?
False
Let n = -42173 + 180100. Is n composite?
False
Suppose 0*k + 2*k - 3*f = 29, -46 = -4*k + 2*f. Let x be ((-95)/(-25))/(2/k). Suppose -4*g = -407 + x. Is g prime?
True
Let k = -73270 + 203577. Is k a composite number?
False
Suppose 0*x + 2265 = 3*z + 5*x, 0 = 2*z - 2*x - 1526. Suppose 1292 = w + m, 4*w = 27*m - 25*m + 5174. Let s = w - z. Is s composite?
True
Suppose 4*h + 2 = -2. Let a be (-728)/(-20)*(-95)/h. Let v = a - 2307. Is v a prime number?
True
Let j = -160 + 106. Let k = -5 - j. Suppose 520 = g + k. Is g a composite number?
True
Suppose -3*i = 5*x - 137714 + 4914, -i - 79666 = -3*x. Is x a composite number?
False
Suppose -3*t + 90 = 3*g, -3*g = 4*t - 0*g - 123. Let z = -34 + t. Is (z - 2 - 3383)/(-2) prime?
True
Suppose -10767 = -5*h + z, -7114 = -3*h - 3*z - 661. Suppose 3*v = 2*i + h + 2, 4*i = -4*v + 2880. Is v a composite number?
False
Let z = 504 - 501. Suppose 2*u = 3*k + 2743, -2*u + 4*k - z*k + 2737 = 0. Is u a prime number?
True
Is (525/45 - 12)/((-1)/19959) a prime number?
True
Let k = 277 + -273. Suppose -4*h + 48*z + 74112 = 52*z, -18533 = -h + k*z. Is h composite?
True
Let n(o) be the third derivative of o**7/70 + o**6/360 + 7*o**5/30 - 15*o**2. Let u(w) be the third derivative of n(w). Is u(1) a prime number?
False
Let b(p) = 17*p**3 + 7*p**2 + 16*p + 22. Let m(v) = 17*v**3 + 7*v**2 + 15*v + 22. Let h(t) = 2*b(t) - 3*m(t). Is h(-7) a prime number?
True
Is 6787*13*6/78 composite?
True
Let y be (1 + 2)*(-67560)/(-40). Let i = -2600 + y. Is i a prime number?
True
Let g(t) = t**3 + 22*t**2 + 16*t + 7. Let w(b) = -b**2 + 19*b - 23. Let f be w(8). Suppose n + 11 = -x, 2*x = 4*n + 25 - f. Is g(x) composite?
True
Suppose -2*m = 5*s + 6, 2*s = -m - 0 - 3. Suppose -178*p + 160*p + 26586 = s. Is p prime?
False
Suppose 49848 = 3*r + 3*k + 16920, -5*r = k - 54868. Is r a composite number?
False
Let f(q) = 46*q**2 - 53*q + 836. Is f(18) a composite number?
True
Is (-1)/1*(6/7 - (-393763)/(-7)) a prime number?
False
Suppose -b + 419 = -4*c, -c - 422 = -18*b + 17*b. Suppose -2*o - 4 = -12. Suppose -4*x + 1549 = 5*s, -o*s - 1081 - b = -4*x. Is x a composite number?
True
Let d = 10217 - -205076. Is d a composite number?
True
Suppose -3270195 = -29*z - 16*z. Is z a prime number?
True
Let q = -628 - -621. Is (6 + q/1)/(1/(-16355)) a composite number?
True
Let l(p) = -438*p**3 - 20*p**2 + 10*p + 33. Is l(-8) prime?
False
Suppose -q + 325256 = 5*o + 77639, o - 49515 = 4*q. Is o a composite number?
False
Suppose -19*p - 123843 = -20*p + 2*o, -o = -p + 123836. Is p prime?
True
Let k = 13398 - 4097. Is k a composite number?
True
Is 32326839/81 - (-144)/648 prime?
True
Let g be (-6)/15 - 13526/10. Let n(x) = x**2 - 3*x + 160. Let u be n(-48). Let s = u + g. Is s prime?
False
Let h(p) = p**2 + 6*p + 46. Let w be h(0). Is (-20281)/(-7) + 3 + w/(-14) composite?
False
Is 11085 + 0 - 1808/(-113) prime?
False
Is (77 - 79)*(-1)/(-3) + 726190/6 a prime number?
False
Let s(l) be the second derivative of 215*l**3/2 + 2*l**2 + 18*l + 5. Let d be -3*((-9)/(-3))/(-3). Is s(d) prime?
False
Let u(w) = w**2 - w + 3. Let k(n) = n**2 - 10*n + 11. Let d be k(8). Let p be u(d). Is (-2)/(-2) - -38*p a composite number?
True
Let t(b) = -6*b + 37*b**2 - 7*b + 5*b - 15. Let w be t(-6). Let r = w + 968. Is r composite?
False
Suppose -3*l + 6896 + 4546 = 0. Suppose 2*y - 4*d - l = 0, 0 = -2*y + 3*y + d - 1898. Is y prime?
True
Let k(p) be the second derivative of -53*p**5/12 - p**4/8 + 7*p**3/2 - 10*p. Let o(s) be the second derivative of k(s). Is o(-1) a prime number?
False
Suppose 0 = 14*l - 702 + 170. Let w = l - 36. Suppose -1235 = -3*h - b, -2*h - w*b = -693 - 125. Is h composite?
True
Let f = -3417 - -6800. Suppose f = r + 650. Is r prime?
False
Suppose -4*y - h + 103259 = -501972, -y = 3*h - 151327. Is y composite?
True
Let b be (9/2 - 2)/(1/14). Suppose 5*k - 3*c + 175 = 0, -k + 4*c - c = b. Is ((k/(-10))/(-7))/((-2)/4856) prime?
False
Suppose 16*w = -w + 297789. Suppose b - w = -2*b. Is b a composite number?
False
Let v(t) = 3143*t - 250. Let s be v(-5). Let q = s - -34858. Is q a composite number?
True
Is 18/(-90)*381265*(14/(-2) + 0) prime?
False
Is (-12)/(-4) - -205785 - (-5 - -6)*-5 a prime number?
False
Suppose 0 = n - 4*i + 14071, -9*n + 7*n = -3*i + 28122. Let q = -9788 - n. Is q composite?
True
Let s = 2690 - 1249. Let v = s + -80. Is v a composite number?
False
Let p(u) = -3*u**3 - 118*u**2 - 106*u - 146. Is p(-47) a prime number?
False
Suppose 131*q - 35*q = -107*q + 4781462. Is q a prime number?
False
Suppose 2755 = 15*c - 10*c. Suppose 5*z = -4*b + c, 0 = -b + 4*z + 124 - 2. Is b prime?
False
Suppose i - 6*i + 3*b = -1112, -5*i = b - 1116. Let o = 260 - i. Is o a composite number?
False
Let f = 399264 + -254975. Is f prime?
True
Let v = 4817 - 2786. Suppose 2*p + 0 = -5*c + 2, 0 = c - 4*p + 4. Suppose c*g - 2*w = 3*g - v, g + 3*w = 670. Is g a composite number?
True
Suppose 13*k + 8 = -70. Let p(i) = -41*i - 83. Is p(k) composite?
False
Let l be 10/(-45) - (-2)/9. Suppose l = w + 2*s + 2383, 4*w - 8*w - 9543 = -3*s. Is ((-4)/8)/(w/2382 - -1) a composite number?
False
Let j(y) = 42*y + 106. Let c be -4 + 2227/68 + 3/(-4). Is j(c) a composite number?
True
Let s(i) be the second derivative of 104*i**3/3 - 35*i**2/2 + 7*i. Suppose 10*c - 12*c = -36. Is s(c) prime?
True
Suppose 76*j + 242264 = 78*j + 3*x, -4*x = 5*j - 605639. Is j a prime number?
True
Let w = -93 + 4539. Let r = w + -2009. Is r prime?
True
Let v = 988237 - 600516. Is v prime?
True
Let d = 51 - 69. Let w(f) = -f**3 + 7*f**2 - 5*f - 17. Is w(d) a composite number?
True
Let y be 9293*(3 - 6 - -4). Suppose 4*n - y = -3*g + 6174, -3*g = 2*n - 7741. Is n composite?
False
Suppose -b = k - 3*k, -2*k = 2*b + 18. Let m(z) = 6*z + 30. Let n be m(b). Is 734*(n + 3 - -4) prime?
False
Let f be (-15)/20 + 915/20. Suppose f*n - 36*n - 2313 = 0. Is n a prime number?
True
Let b = 56 + -60. Is 4*(-753)/b*(-6)/(-9) a prime number?
False
Let r = -65 + 68. Suppose -5*v = r*b + 7, 5*b + 7*v - 10 = 3*v. Suppose 3*x = b*x - 5013. Is x composite?
True
Let x be (4/10)/((-7)/(-140)). Let c be -273*2*(-12)/x. Suppose 4*m - 824 = -4*p, -5*p - 5*m + c = -p. Is p prime?
True
Suppose -2*h + 29 = 13. Let d(f) = 50*f**3 - 7*f**2 - 2*f + 8. Let t be d(h). Let x = t + -17315. Is x prime?
True
Let y be 40*(-2)/((-8)/3). Let a be (-4)/(-6) - y/(-9). Suppose -4*v - 5*h + 684 = 0, -5*h = -v - a*v + 810. Is v a composite number?
True
Let h(k) = -3*k - 61. Let z be h(-21). Suppose -z*a + j + 6558 = 2*j, -2*j - 16377 = -5*a. Is a a composite number?
True
Let h = -3 + 5. Let l = 120 + -118. Suppose -4*p - h*f = -494, 0 = -2*p + l*f + 256 - 24. Is p prime?
False
Let c = 3141 + 2448. Suppose 5568 + c = 3*b. Is b prime?
True
Suppose 15*r - 7*r = 32. Suppose 37205 = r*s - 10607. Is s prime?
True
Suppose -3334277 - 10940938 = -129*j + 5493390. Is j prime?
False
Suppose 5*l = -6*i + 181259, -6*i + 90630 = -3*i + 3*l. Is i composite?
True
Let u(l) = -984*l**3 + l**2 - l - 1. Let i(m) = 2*m + 11. Let o be i(14). Let t = o - 40. Is u(t) composite?
True
Let v(l) = 1326*l**2 - 91*l - 1. Is v(6) a prime number?
True
Suppose -5*h - 4*k + 75084 = -54203, 5*k - 103435 = -4*h. Suppose -3*t + 8*t - h = 0. Is t a composite number?
False
Suppose -2*l + 874253 = 5*b, 20*l - 19*l = -4*b + 699403. Is b composite?
False
Suppose -5*l - 34 = 2*c, 3*c + 17 + 1 = -2*l. Let w be (8/l)/(-2*4/3912). Suppose 5*r - w = 813. Is r prime?
True
Let f be 1*(-127 - 4/(-1)). Let j = f - -216. Suppose j = -0*h + h + m, -4*m = 2*h - 194. Is h composite?
False
Let o(n) = 4*n**2 - 7*n + 12. Let x(y) = -13 + 146*y + 8*y**2 + 36 - 159*y. Let i(c